{"id":3241,"date":"2025-05-15T19:32:22","date_gmt":"2025-05-15T19:32:22","guid":{"rendered":"https:\/\/vivianwebdesigner.com.br\/warleyreis\/?page_id=3241"},"modified":"2025-06-18T01:38:46","modified_gmt":"2025-06-18T01:38:46","slug":"preparo-e-pintura-de-superficies-metalicas","status":"publish","type":"page","link":"https:\/\/isopoint.com.br\/portal\/preparo-e-pintura-de-superficies-metalicas\/","title":{"rendered":"Preparo e Pintura de Superf\u00edcies Met\u00e1licas"},"content":{"rendered":"\t\t<div data-elementor-type=\"wp-page\" data-elementor-id=\"3241\" class=\"elementor elementor-3241\" data-elementor-post-type=\"page\">\n\t\t\t\t<div class=\"has_eae_slider elementor-element elementor-element-93a352a e-flex e-con-boxed e-con e-parent\" data-eae-slider=\"96497\" data-id=\"93a352a\" data-element_type=\"container\" data-e-type=\"container\">\n\t\t\t\t\t<div class=\"e-con-inner\">\n\t\t<div class=\"has_eae_slider elementor-element elementor-element-d914817 e-con-full e-flex e-con e-child\" data-eae-slider=\"35440\" data-id=\"d914817\" data-element_type=\"container\" data-e-type=\"container\">\n\t\t\t\t<div class=\"elementor-element elementor-element-1415deb elementor-widget__width-initial animated-slow elementor-widget-divider--view-line elementor-invisible elementor-widget elementor-widget-divider\" data-id=\"1415deb\" data-element_type=\"widget\" data-e-type=\"widget\" data-settings=\"{&quot;_animation&quot;:&quot;fadeInDown&quot;}\" data-widget_type=\"divider.default\">\n\t\t\t\t<div class=\"elementor-widget-container\">\n\t\t\t\t\t\t\t<div class=\"elementor-divider\">\n\t\t\t<span class=\"elementor-divider-separator\">\n\t\t\t\t\t\t<\/span>\n\t\t<\/div>\n\t\t\t\t\t\t<\/div>\n\t\t\t\t<\/div>\n\t\t\t\t<div class=\"elementor-element elementor-element-c4f4fe1 animated-slow elementor-widget__width-initial elementor-widget-mobile__width-initial elementor-invisible elementor-widget elementor-widget-heading\" data-id=\"c4f4fe1\" data-element_type=\"widget\" data-e-type=\"widget\" data-settings=\"{&quot;_animation&quot;:&quot;fadeInUp&quot;}\" data-widget_type=\"heading.default\">\n\t\t\t\t<div class=\"elementor-widget-container\">\n\t\t\t\t\t<h2 class=\"elementor-heading-title elementor-size-default\">Preparo e Pintura de Superf\u00edcies Met\u00e1licas <\/h2>\t\t\t\t<\/div>\n\t\t\t\t<\/div>\n\t\t\t\t<div class=\"elementor-element elementor-element-e256f44 elementor-widget__width-initial animated-slow elementor-invisible elementor-widget elementor-widget-text-editor\" data-id=\"e256f44\" data-element_type=\"widget\" data-e-type=\"widget\" data-settings=\"{&quot;_animation&quot;:&quot;fadeIn&quot;,&quot;_animation_delay&quot;:200}\" data-widget_type=\"text-editor.default\">\n\t\t\t\t<div class=\"elementor-widget-container\">\n\t\t\t\t\t\t\t\t\t<p><span style=\"font-weight: 400;\">Se sua empresa atua com estruturas met\u00e1licas e busca excel\u00eancia reconhecida no mercado, a Certifica\u00e7\u00e3o de Processo de Preparo e Pintura de Superf\u00edcies Met\u00e1licas do ISOPOINT \u00e9 o diferencial que voc\u00ea procura.<\/span><\/p><p><span style=\"font-weight: 400;\">Como Organismo de Certifica\u00e7\u00e3o de Produtos (OCP), o ISOPOINT avalia rigorosamente cada etapa do seu processo produtivo \u2014 desde a prepara\u00e7\u00e3o da superf\u00edcie at\u00e9 a aplica\u00e7\u00e3o final da pintura. Nosso foco \u00e9 garantir que os procedimentos atendam aos mais altos padr\u00f5es de qualidade e durabilidade, assegurando que cada pe\u00e7a met\u00e1lica entregue ao mercado mantenha consist\u00eancia e desempenho superiores.<\/span><\/p><p><span style=\"font-weight: 400;\">Ao obter essa certifica\u00e7\u00e3o, sua empresa demonstra compromisso com a qualidade e a conformidade, destacando-se em licita\u00e7\u00f5es p\u00fablicas e conquistando a confian\u00e7a de clientes exigentes. Al\u00e9m disso, a certifica\u00e7\u00e3o contribui para a redu\u00e7\u00e3o de retrabalhos e aumenta a vida \u00fatil dos produtos, resultando em economia e satisfa\u00e7\u00e3o para seus clientes.<\/span><\/p><p><b>Invista na certifica\u00e7\u00e3o do ISOPOINT e fortale\u00e7a a reputa\u00e7\u00e3o da sua empresa, abrindo portas para novas oportunidades de neg\u00f3cios e consolidando sua posi\u00e7\u00e3o no mercado.<\/b><\/p>\t\t\t\t\t\t\t\t<\/div>\n\t\t\t\t<\/div>\n\t\t\t\t<\/div>\n\t\t<div class=\"has_eae_slider elementor-element elementor-element-d5e2c83 e-con-full e-flex elementor-invisible e-con e-child\" data-eae-slider=\"68047\" data-id=\"d5e2c83\" data-element_type=\"container\" data-e-type=\"container\" data-settings=\"{&quot;background_background&quot;:&quot;classic&quot;,&quot;animation&quot;:&quot;fadeInRight&quot;}\">\n\t\t\t\t<div class=\"elementor-element elementor-element-cae8742 elementor--h-position-center elementor--v-position-middle elementor-widget elementor-widget-slides\" data-id=\"cae8742\" data-element_type=\"widget\" data-e-type=\"widget\" data-settings=\"{&quot;navigation&quot;:&quot;none&quot;,&quot;autoplay_speed&quot;:3000,&quot;transition&quot;:&quot;fade&quot;,&quot;autoplay&quot;:&quot;yes&quot;,&quot;pause_on_hover&quot;:&quot;yes&quot;,&quot;pause_on_interaction&quot;:&quot;yes&quot;,&quot;infinite&quot;:&quot;yes&quot;,&quot;transition_speed&quot;:500}\" data-widget_type=\"slides.default\">\n\t\t\t\t<div class=\"elementor-widget-container\">\n\t\t\t\t\t\t\t\t\t<div class=\"elementor-swiper\">\n\t\t\t\t\t<div class=\"elementor-slides-wrapper elementor-main-swiper swiper\" role=\"region\" aria-roledescription=\"carousel\" aria-label=\"Slides\" dir=\"ltr\" data-animation=\"zoomIn\">\n\t\t\t\t<div class=\"swiper-wrapper elementor-slides\">\n\t\t\t\t\t\t\t\t\t\t<div class=\"elementor-repeater-item-d2a4d28 swiper-slide\" role=\"group\" aria-roledescription=\"slide\"><div class=\"swiper-slide-bg\" role=\"img\" aria-label=\"\"><\/div><div class=\"swiper-slide-inner\" ><div class=\"swiper-slide-contents\"><\/div><\/div><\/div><div class=\"elementor-repeater-item-afd9b50 swiper-slide\" role=\"group\" aria-roledescription=\"slide\"><div class=\"swiper-slide-bg\" role=\"img\" aria-label=\"\"><\/div><div class=\"swiper-slide-inner\" ><div class=\"swiper-slide-contents\"><\/div><\/div><\/div><div class=\"elementor-repeater-item-e9a7bc3 swiper-slide\" role=\"group\" aria-roledescription=\"slide\"><div class=\"swiper-slide-bg\" role=\"img\" aria-label=\"\"><\/div><div class=\"swiper-slide-inner\" ><div class=\"swiper-slide-contents\"><\/div><\/div><\/div>\t\t\t\t<\/div>\n\t\t\t\t\t\t\t\t\t\t\t\t\t\t\t\t\t\t\t\t\t<\/div>\n\t\t\t\t<\/div>\n\t\t\t\t\t\t\t\t<\/div>\n\t\t\t\t<\/div>\n\t\t\t\t<\/div>\n\t\t\t\t\t<\/div>\n\t\t\t\t<\/div>\n\t\t\t\t<\/div>\n\t\t","protected":false},"excerpt":{"rendered":"<p>Preparo e Pintura de Superf\u00edcies Met\u00e1licas Se sua empresa atua com estruturas met\u00e1licas e busca excel\u00eancia reconhecida no mercado, a Certifica\u00e7\u00e3o de Processo de Preparo e Pintura de Superf\u00edcies Met\u00e1licas do ISOPOINT \u00e9 o diferencial que voc\u00ea procura. Como Organismo de Certifica\u00e7\u00e3o de Produtos (OCP), o ISOPOINT avalia rigorosamente cada etapa do seu processo produtivo [&hellip;]<\/p>\n","protected":false},"author":1,"featured_media":0,"parent":0,"menu_order":0,"comment_status":"closed","ping_status":"closed","template":"","meta":{"footnotes":""},"class_list":["post-3241","page","type-page","status-publish","hentry"],"_links":{"self":[{"href":"https:\/\/isopoint.com.br\/portal\/wp-json\/wp\/v2\/pages\/3241","targetHints":{"allow":["GET"]}}],"collection":[{"href":"https:\/\/isopoint.com.br\/portal\/wp-json\/wp\/v2\/pages"}],"about":[{"href":"https:\/\/isopoint.com.br\/portal\/wp-json\/wp\/v2\/types\/page"}],"author":[{"embeddable":true,"href":"https:\/\/isopoint.com.br\/portal\/wp-json\/wp\/v2\/users\/1"}],"replies":[{"embeddable":true,"href":"https:\/\/isopoint.com.br\/portal\/wp-json\/wp\/v2\/comments?post=3241"}],"version-history":[{"count":16,"href":"https:\/\/isopoint.com.br\/portal\/wp-json\/wp\/v2\/pages\/3241\/revisions"}],"predecessor-version":[{"id":3540,"href":"https:\/\/isopoint.com.br\/portal\/wp-json\/wp\/v2\/pages\/3241\/revisions\/3540"}],"wp:attachment":[{"href":"https:\/\/isopoint.com.br\/portal\/wp-json\/wp\/v2\/media?parent=3241"}],"curies":[{"name":"wp","href":"https:\/\/api.w.org\/{rel}","templated":true}]}}